[INFO] cloning repository https://github.com/cynomys/cyno
[INFO] running `Command { std: "git" "-c" "credential.helper=" "-c" "credential.helper=/workspace/cargo-home/bin/git-credential-null" "clone" "--bare" "https://github.com/cynomys/cyno" "/workspace/cache/git-repos/https%3A%2F%2Fgithub.com%2Fcynomys%2Fcyno", kill_on_drop: false }`
[INFO] [stderr] Cloning into bare repository '/workspace/cache/git-repos/https%3A%2F%2Fgithub.com%2Fcynomys%2Fcyno'...
[INFO] running `Command { std: "git" "rev-parse" "HEAD", kill_on_drop: false }`
[INFO] [stdout] ec86bde0a7f677762c2999ac2a8b92d24234af0c
[INFO] checking cynomys/cyno against master#cfbc6d4cf1acbac5c025acf8ed68929caa551df3 for pr-75494-beta
[INFO] running `Command { std: "git" "clone" "/workspace/cache/git-repos/https%3A%2F%2Fgithub.com%2Fcynomys%2Fcyno" "/workspace/builds/worker-6/source", kill_on_drop: false }`
[INFO] [stderr] Cloning into '/workspace/builds/worker-6/source'...
[INFO] [stderr] done.
[INFO] validating manifest of git repo https://github.com/cynomys/cyno on toolchain cfbc6d4cf1acbac5c025acf8ed68929caa551df3
[INFO] running `Command { std: "/workspace/cargo-home/bin/cargo" "+cfbc6d4cf1acbac5c025acf8ed68929caa551df3" "read-manifest" "--manifest-path" "Cargo.toml", kill_on_drop: false }`
[INFO] started tweaking git repo https://github.com/cynomys/cyno
[INFO] finished tweaking git repo https://github.com/cynomys/cyno
[INFO] tweaked toml for git repo https://github.com/cynomys/cyno written to /workspace/builds/worker-6/source/Cargo.toml
[INFO] crate git repo https://github.com/cynomys/cyno already has a lockfile, it will not be regenerated
[INFO] running `Command { std: "/workspace/cargo-home/bin/cargo" "+cfbc6d4cf1acbac5c025acf8ed68929caa551df3" "fetch" "--locked" "--manifest-path" "Cargo.toml", kill_on_drop: false }`
[INFO] [stderr]  Downloading crates ...
[INFO] [stderr]   Downloaded multimap v0.4.0
[INFO] [stderr]   Downloaded blake2 v0.8.0
[INFO] [stderr]   Downloaded itertools-num v0.1.3
[INFO] [stderr]   Downloaded feature-probe v0.1.1
[INFO] [stderr]   Downloaded grpcio-compiler v0.4.3
[INFO] [stderr]   Downloaded statrs v0.9.0
[INFO] [stderr]   Downloaded bv v0.10.0
[INFO] [stderr]   Downloaded bit-set v0.5.0
[INFO] [stderr]   Downloaded protobuf v2.3.0
[INFO] [stderr]   Downloaded csv v1.0.5
[INFO] [stderr]   Downloaded protoc v2.3.0
[INFO] [stderr]   Downloaded grpcio v0.4.4
[INFO] [stderr]   Downloaded protobuf-codegen v2.3.0
[INFO] [stderr]   Downloaded newtype_derive v0.1.6
[INFO] [stderr]   Downloaded bio v0.25.0
[INFO] [stderr]   Downloaded protoc-grpcio v1.0.1
[INFO] [stderr]   Downloaded bio-types v0.4.0
[INFO] [stderr]   Downloaded dgraph v0.1.2
[INFO] [stderr]   Downloaded grpcio-sys v0.4.4
[INFO] running `Command { std: "docker" "create" "-v" "/var/lib/crater-agent-workspace/builds/worker-6/target:/opt/rustwide/target:rw,Z" "-v" "/var/lib/crater-agent-workspace/builds/worker-6/source:/opt/rustwide/workdir:ro,Z" "-v" "/var/lib/crater-agent-workspace/cargo-home:/opt/rustwide/cargo-home:ro,Z" "-v" "/var/lib/crater-agent-workspace/rustup-home:/opt/rustwide/rustup-home:ro,Z" "-e" "SOURCE_DIR=/opt/rustwide/workdir" "-e" "CARGO_TARGET_DIR=/opt/rustwide/target" "-e" "CARGO_HOME=/opt/rustwide/cargo-home" "-e" "RUSTUP_HOME=/opt/rustwide/rustup-home" "-w" "/opt/rustwide/workdir" "-m" "1610612736" "--user" "0:0" "--network" "none" "rustops/crates-build-env@sha256:a636fd89d022f18117e1dc8fb37a0a009933cdbbe082814857f0e2024962d47c" "/opt/rustwide/cargo-home/bin/cargo" "+cfbc6d4cf1acbac5c025acf8ed68929caa551df3" "metadata" "--no-deps" "--format-version=1", kill_on_drop: false }`
[INFO] [stdout] 24e6bbac93cac6368ae80f9fc15f1f97dd49bae81aab23c8c709e33c33e6e78f
[INFO] [stderr] WARNING: Your kernel does not support swap limit capabilities or the cgroup is not mounted. Memory limited without swap.
[INFO] running `Command { std: "docker" "start" "-a" "24e6bbac93cac6368ae80f9fc15f1f97dd49bae81aab23c8c709e33c33e6e78f", kill_on_drop: false }`
[INFO] running `Command { std: "docker" "inspect" "24e6bbac93cac6368ae80f9fc15f1f97dd49bae81aab23c8c709e33c33e6e78f", kill_on_drop: false }`
[INFO] running `Command { std: "docker" "rm" "-f" "24e6bbac93cac6368ae80f9fc15f1f97dd49bae81aab23c8c709e33c33e6e78f", kill_on_drop: false }`
[INFO] [stdout] 24e6bbac93cac6368ae80f9fc15f1f97dd49bae81aab23c8c709e33c33e6e78f
[INFO] running `Command { std: "docker" "create" "-v" "/var/lib/crater-agent-workspace/builds/worker-6/target:/opt/rustwide/target:rw,Z" "-v" "/var/lib/crater-agent-workspace/builds/worker-6/source:/opt/rustwide/workdir:ro,Z" "-v" "/var/lib/crater-agent-workspace/cargo-home:/opt/rustwide/cargo-home:ro,Z" "-v" "/var/lib/crater-agent-workspace/rustup-home:/opt/rustwide/rustup-home:ro,Z" "-e" "SOURCE_DIR=/opt/rustwide/workdir" "-e" "CARGO_TARGET_DIR=/opt/rustwide/target" "-e" "CARGO_INCREMENTAL=0" "-e" "RUST_BACKTRACE=full" "-e" "RUSTFLAGS=--cap-lints=forbid" "-e" "CARGO_HOME=/opt/rustwide/cargo-home" "-e" "RUSTUP_HOME=/opt/rustwide/rustup-home" "-w" "/opt/rustwide/workdir" "-m" "1610612736" "--user" "0:0" "--network" "none" "rustops/crates-build-env@sha256:a636fd89d022f18117e1dc8fb37a0a009933cdbbe082814857f0e2024962d47c" "/opt/rustwide/cargo-home/bin/cargo" "+cfbc6d4cf1acbac5c025acf8ed68929caa551df3" "check" "--frozen" "--all" "--all-targets" "--message-format=json", kill_on_drop: false }`
[INFO] [stdout] e491419bef4c7aef90cda13f439d02a1c77a1983dbcb688c3e49dcf555d319f6
[INFO] [stderr] WARNING: Your kernel does not support swap limit capabilities or the cgroup is not mounted. Memory limited without swap.
[INFO] running `Command { std: "docker" "start" "-a" "e491419bef4c7aef90cda13f439d02a1c77a1983dbcb688c3e49dcf555d319f6", kill_on_drop: false }`
[INFO] [stderr]    Compiling libc v0.2.49
[INFO] [stderr]    Compiling proc-macro2 v0.4.27
[INFO] [stderr]    Compiling autocfg v0.1.2
[INFO] [stderr]    Compiling serde v1.0.89
[INFO] [stderr]    Compiling protobuf v2.3.0
[INFO] [stderr]     Checking cfg-if v0.1.6
[INFO] [stderr]     Checking rand_core v0.4.0
[INFO] [stderr]    Compiling num-traits v0.2.6
[INFO] [stderr]     Checking lazy_static v1.2.0
[INFO] [stderr]    Compiling typenum v1.10.0
[INFO] [stderr]    Compiling remove_dir_all v0.5.1
[INFO] [stderr]    Compiling pkg-config v0.3.14
[INFO] [stderr]    Compiling byteorder v1.3.1
[INFO] [stderr]    Compiling num-complex v0.2.1
[INFO] [stderr]     Checking memoffset v0.2.1
[INFO] [stderr]     Checking scopeguard v0.3.3
[INFO] [stderr]    Compiling regex v1.1.0
[INFO] [stderr]    Compiling rayon-core v1.4.1
[INFO] [stderr]     Checking either v1.5.1
[INFO] [stderr]     Checking ucd-util v0.1.3
[INFO] [stderr]    Compiling unicode-segmentation v1.2.1
[INFO] [stderr]    Compiling num-integer v0.1.39
[INFO] [stderr]    Compiling ryu v0.2.7
[INFO] [stderr]     Checking rustc-demangle v0.1.13
[INFO] [stderr]    Compiling ndarray v0.12.1
[INFO] [stderr]     Checking utf8-ranges v1.0.2
[INFO] [stderr]     Checking unicode-width v0.1.5
[INFO] [stderr]     Checking strsim v0.7.0
[INFO] [stderr]     Checking bitflags v1.0.4
[INFO] [stderr]    Compiling bio v0.25.0
[INFO] [stderr]     Checking bit-vec v0.5.0
[INFO] [stderr]     Checking futures v0.1.25
[INFO] [stderr]     Checking ansi_term v0.11.0
[INFO] [stderr]     Checking subtle v1.0.0
[INFO] [stderr]     Checking byte-tools v0.3.1
[INFO] [stderr]     Checking custom_derive v0.1.7
[INFO] [stderr]     Checking itoa v0.4.3
[INFO] [stderr]    Compiling rand_jitter v0.1.3
[INFO] [stderr]    Compiling log v0.4.6
[INFO] [stderr]     Checking crossbeam-utils v0.2.2
[INFO] [stderr]    Compiling bv v0.10.0
[INFO] [stderr]     Checking thread_local v0.3.6
[INFO] [stderr]     Checking rand_core v0.3.1
[INFO] [stderr]     Checking itertools v0.7.11
[INFO] [stderr]     Checking regex-syntax v0.6.5
[INFO] [stderr]     Checking textwrap v0.10.0
[INFO] [stderr]    Compiling heck v0.3.1
[INFO] [stderr]    Compiling rand_chacha v0.1.1
[INFO] [stderr]    Compiling rand_pcg v0.1.2
[INFO] [stderr]    Compiling backtrace v0.3.14
[INFO] [stderr]    Compiling rand v0.6.5
[INFO] [stderr]    Compiling backtrace-sys v0.1.28
[INFO] [stderr]     Checking arrayvec v0.4.10
[INFO] [stderr]     Checking matrixmultiply v0.1.15
[INFO] [stderr]     Checking bit-set v0.5.0
[INFO] [stderr]    Compiling protoc v2.3.0
[INFO] [stderr]    Compiling rayon v1.0.3
[INFO] [stderr]     Checking rand_hc v0.1.0
[INFO] [stderr]     Checking rand_xorshift v0.1.1
[INFO] [stderr]     Checking rand_isaac v0.1.1
[INFO] [stderr]    Compiling grpcio-sys v0.4.4
[INFO] [stderr]     Checking crossbeam-epoch v0.3.1
[INFO] [stderr]     Checking memchr v2.2.0
[INFO] [stderr]     Checking rand v0.4.6
[INFO] [stderr]     Checking atty v0.2.11
[INFO] [stderr]     Checking rand_os v0.1.2
[INFO] [stderr]     Checking num_cpus v1.10.0
[INFO] [stderr]     Checking fxhash v0.2.1
[INFO] [stderr]    Compiling quote v0.6.11
[INFO] [stderr]     Checking crossbeam-deque v0.2.0
[INFO] [stderr]     Checking aho-corasick v0.6.10
[INFO] [stderr]     Checking csv-core v0.1.5
[INFO] [stderr]    Compiling syn v0.15.26
[INFO] [stderr]     Checking generic-array v0.12.0
[INFO] [stderr]     Checking ordered-float v1.0.1
[INFO] [stderr]     Checking itertools-num v0.1.3
[INFO] [stderr]     Checking approx v0.3.1
[INFO] [stderr]     Checking rand v0.3.23
[INFO] [stderr]     Checking statrs v0.9.0
[INFO] [stderr]     Checking digest v0.8.0
[INFO] [stderr]     Checking crypto-mac v0.7.0
[INFO] [stderr]     Checking blake2 v0.8.0
[INFO] [stderr]    Compiling tempfile v3.0.7
[INFO] [stderr]    Compiling protobuf-codegen v2.3.0
[INFO] [stderr]    Compiling synstructure v0.10.1
[INFO] [stderr]    Compiling grpcio-compiler v0.4.3
[INFO] [stderr]    Compiling serde_derive v1.0.88
[INFO] [stderr]    Compiling failure_derive v0.1.5
[INFO] [stderr]    Compiling structopt-derive v0.2.15
[INFO] [stderr]    Compiling failure v0.1.5
[INFO] [stderr]    Compiling protoc-grpcio v1.0.1
[INFO] [stderr]    Compiling dgraph v0.1.2
[INFO] [stderr] error: failed to run custom build command for `dgraph v0.1.2`
[INFO] [stderr] 
[INFO] [stderr] Caused by:
[INFO] [stderr]   process didn't exit successfully: `/opt/rustwide/target/debug/build/dgraph-68bbefcfcd7d636d/build-script-build` (exit code: 101)
[INFO] [stderr]   --- stdout
[INFO] [stderr]   cargo:rerun-if-changed=src/protos
[INFO] [stderr] 
[INFO] [stderr]   --- stderr
[INFO] [stderr]   thread 'main' panicked at 'Failed to compile gRPC definitions!: Os { code: 30, kind: Other, message: "Read-only file system" }
[INFO] [stderr] 
[INFO] [stderr]   stack backtrace:
[INFO] [stderr]      0: failure::backtrace::internal::InternalBacktrace::new::hd81f6d5ab0dc1d94 (0x55754917cde5)
[INFO] [stderr]                at /opt/rustwide/cargo-home/registry/src/github.com-1ecc6299db9ec823/failure-0.1.5/src/backtrace/internal.rs:44
[INFO] [stderr]      1: failure::backtrace::Backtrace::new::hf8dbae9bc1e52ae9 (0x55754917b91d)
[INFO] [stderr]                at /opt/rustwide/cargo-home/registry/src/github.com-1ecc6299db9ec823/failure-0.1.5/src/backtrace/mod.rs:111
[INFO] [stderr]      2: <failure::error::error_impl::ErrorImpl as core::convert::From<F>>::from::h20512204f54dbc7a (0x557549133ecb)
[INFO] [stderr]                at /opt/rustwide/cargo-home/registry/src/github.com-1ecc6299db9ec823/failure-0.1.5/src/error/error_impl.rs:19
[INFO] [stderr]      3: <failure::error::Error as core::convert::From<F>>::from::h95d1fad1610c09d2 (0x557549136ece)
[INFO] [stderr]                at /opt/rustwide/cargo-home/registry/src/github.com-1ecc6299db9ec823/failure-0.1.5/src/error/mod.rs:36
[INFO] [stderr]      4: <T as core::convert::Into<U>>::into::hdb9e1b996efb4116 (0x55754913549e)
[INFO] [stderr]                at /rustc/cfbc6d4cf1acbac5c025acf8ed68929caa551df3/src/libcore/convert/mod.rs:560
[INFO] [stderr]      5: failure::context::Context<D>::with_err::hdb611b69feac441b (0x55754912b0ed)
[INFO] [stderr]                at /opt/rustwide/cargo-home/registry/src/github.com-1ecc6299db9ec823/failure-0.1.5/src/context.rs:105
[INFO] [stderr]      6: failure::Fail::context::h800acafc3136afb9 (0x557549135ac5)
[INFO] [stderr]                at /opt/rustwide/cargo-home/registry/src/github.com-1ecc6299db9ec823/failure-0.1.5/src/lib.rs:160
[INFO] [stderr]      7: <core::result::Result<T,E> as failure::result_ext::ResultExt<T,E>>::context::{{closure}}::h3e0fb54ceddbc767 (0x557549136fe5)
[INFO] [stderr]                at /opt/rustwide/cargo-home/registry/src/github.com-1ecc6299db9ec823/failure-0.1.5/src/result_ext.rs:164
[INFO] [stderr]      8: core::result::Result<T,E>::map_err::h6e19b0626f90331d (0x5575491311c1)
[INFO] [stderr]                at /rustc/cfbc6d4cf1acbac5c025acf8ed68929caa551df3/src/libcore/result.rs:612
[INFO] [stderr]      9: <core::result::Result<T,E> as failure::result_ext::ResultExt<T,E>>::context::hffdbe9d01aa50396 (0x557549131d7d)
[INFO] [stderr]                at /opt/rustwide/cargo-home/registry/src/github.com-1ecc6299db9ec823/failure-0.1.5/src/result_ext.rs:164
[INFO] [stderr]     10: protoc_grpcio::write_out_generated_files::h7ec72c1f1bdc5869 (0x557549127e17)
[INFO] [stderr]                at /opt/rustwide/cargo-home/registry/src/github.com-1ecc6299db9ec823/protoc-grpcio-1.0.1/src/lib.rs:91
[INFO] [stderr]     11: protoc_grpcio::compile_grpc_protos::h19882298804a464e (0x5575491272cd)
[INFO] [stderr]                at /opt/rustwide/cargo-home/registry/src/github.com-1ecc6299db9ec823/protoc-grpcio-1.0.1/src/lib.rs:260
[INFO] [stderr]     12: build_script_build::main::h943a7abcfcc02157 (0x55754912c0b0)
[INFO] [stderr]                at /opt/rustwide/cargo-home/registry/src/github.com-1ecc6299db9ec823/dgraph-0.1.2/build.rs:7
[INFO] [stderr]     13: std::rt::lang_start::{{closure}}::h26d906c2ca430f63 (0x5575491367ba)
[INFO] [stderr]                at /rustc/cfbc6d4cf1acbac5c025acf8ed68929caa551df3/src/libstd/rt.rs:67
[INFO] [stderr]     14: std::rt::lang_start_internal::{{closure}}::h84a998219831fa70 (0x5575493db902)
[INFO] [stderr]                at src/libstd/rt.rs:52
[INFO] [stderr]         std::panicking::try::do_call::he8e1d689a3e26def
[INFO] [stderr]                at src/libstd/panicking.rs:348
[INFO] [stderr]         std::panicking::try::h264b6eebc2fa7bbf
[INFO] [stderr]                at src/libstd/panicking.rs:325
[INFO] [stderr]         std::panic::catch_unwind::hbf28fafa723b2128
[INFO] [stderr]                at src/libstd/panic.rs:394
[INFO] [stderr]         std::rt::lang_start_internal::he959aa59bc3ec202
[INFO] [stderr]                at src/libstd/rt.rs:51
[INFO] [stderr]     15: std::rt::lang_start::h45b542d93d8b9111 (0x557549136796)
[INFO] [stderr]                at /rustc/cfbc6d4cf1acbac5c025acf8ed68929caa551df3/src/libstd/rt.rs:67
[INFO] [stderr]     16: main (0x55754912c129)
[INFO] [stderr]     17: __libc_start_main (0x7fb1b037c0b2)
[INFO] [stderr]     18: _start (0x5575491221cd)
[INFO] [stderr]     19: <unknown> (0x0)
[INFO] [stderr] 
[INFO] [stderr]   failed to create "src/protos/api_grpc.rs"
[INFO] [stderr] 
[INFO] [stderr]   failed to write generated grpc definitions', /opt/rustwide/cargo-home/registry/src/github.com-1ecc6299db9ec823/dgraph-0.1.2/build.rs:12:7
[INFO] [stderr]   stack backtrace:
[INFO] [stderr]      0:     0x5575493d89b5 - backtrace::backtrace::libunwind::trace::h5e2646fa3eddf2ea
[INFO] [stderr]                                  at /cargo/registry/src/github.com-1ecc6299db9ec823/backtrace-0.3.46/src/backtrace/libunwind.rs:86
[INFO] [stderr]      1:     0x5575493d89b5 - backtrace::backtrace::trace_unsynchronized::hb95dd7f77ce47877
[INFO] [stderr]                                  at /cargo/registry/src/github.com-1ecc6299db9ec823/backtrace-0.3.46/src/backtrace/mod.rs:66
[INFO] [stderr]      2:     0x5575493d89b5 - std::sys_common::backtrace::_print_fmt::h5e71b67af43fd70d
[INFO] [stderr]                                  at src/libstd/sys_common/backtrace.rs:78
[INFO] [stderr]      3:     0x5575493d89b5 - <std::sys_common::backtrace::_print::DisplayBacktrace as core::fmt::Display>::fmt::hdb4a83d2b61107e5
[INFO] [stderr]                                  at src/libstd/sys_common/backtrace.rs:59
[INFO] [stderr]      4:     0x557549401cfc - core::fmt::write::ha20e7262fa3e8a7a
[INFO] [stderr]                                  at src/libcore/fmt/mod.rs:1076
[INFO] [stderr]      5:     0x5575493d5cb2 - std::io::Write::write_fmt::h1aebfe8a5a79e36d
[INFO] [stderr]                                  at src/libstd/io/mod.rs:1537
[INFO] [stderr]      6:     0x5575493daef0 - std::sys_common::backtrace::_print::h9c07314cc66ba539
[INFO] [stderr]                                  at src/libstd/sys_common/backtrace.rs:62
[INFO] [stderr]      7:     0x5575493daef0 - std::sys_common::backtrace::print::hd1fd65f49a2d8544
[INFO] [stderr]                                  at src/libstd/sys_common/backtrace.rs:49
[INFO] [stderr]      8:     0x5575493daef0 - std::panicking::default_hook::{{closure}}::h222da46485ab36fc
[INFO] [stderr]                                  at src/libstd/panicking.rs:198
[INFO] [stderr]      9:     0x5575493dac3c - std::panicking::default_hook::hc5868949d129ed00
[INFO] [stderr]                                  at src/libstd/panicking.rs:217
[INFO] [stderr]     10:     0x5575493db533 - std::panicking::rust_panic_with_hook::h26a6ab8b0993c0c8
[INFO] [stderr]                                  at src/libstd/panicking.rs:526
[INFO] [stderr]     11:     0x5575493db12b - rust_begin_unwind
[INFO] [stderr]                                  at src/libstd/panicking.rs:437
[INFO] [stderr]     12:     0x5575493ffc61 - core::panicking::panic_fmt::h17139c2000299725
[INFO] [stderr]                                  at src/libcore/panicking.rs:85
[INFO] [stderr]     13:     0x5575493ffa83 - core::option::expect_none_failed::h972f96abb4ec8952
[INFO] [stderr]                                  at src/libcore/option.rs:1269
[INFO] [stderr]     14:     0x557549130e66 - core::result::Result<T,E>::expect::h288d8db1c7a444b5
[INFO] [stderr]                                  at /rustc/cfbc6d4cf1acbac5c025acf8ed68929caa551df3/src/libcore/result.rs:963
[INFO] [stderr]     15:     0x55754912c0eb - build_script_build::main::h943a7abcfcc02157
[INFO] [stderr]                                  at /opt/rustwide/cargo-home/registry/src/github.com-1ecc6299db9ec823/dgraph-0.1.2/build.rs:7
[INFO] [stderr]     16:     0x5575491367bb - std::rt::lang_start::{{closure}}::h26d906c2ca430f63
[INFO] [stderr]                                  at /rustc/cfbc6d4cf1acbac5c025acf8ed68929caa551df3/src/libstd/rt.rs:67
[INFO] [stderr]     17:     0x5575493db903 - std::rt::lang_start_internal::{{closure}}::h84a998219831fa70
[INFO] [stderr]                                  at src/libstd/rt.rs:52
[INFO] [stderr]     18:     0x5575493db903 - std::panicking::try::do_call::he8e1d689a3e26def
[INFO] [stderr]                                  at src/libstd/panicking.rs:348
[INFO] [stderr]     19:     0x5575493db903 - std::panicking::try::h264b6eebc2fa7bbf
[INFO] [stderr]                                  at src/libstd/panicking.rs:325
[INFO] [stderr]     20:     0x5575493db903 - std::panic::catch_unwind::hbf28fafa723b2128
[INFO] [stderr]                                  at src/libstd/panic.rs:394
[INFO] [stderr]     21:     0x5575493db903 - std::rt::lang_start_internal::he959aa59bc3ec202
[INFO] [stderr]                                  at src/libstd/rt.rs:51
[INFO] [stderr]     22:     0x557549136797 - std::rt::lang_start::h45b542d93d8b9111
[INFO] [stderr]                                  at /rustc/cfbc6d4cf1acbac5c025acf8ed68929caa551df3/src/libstd/rt.rs:67
[INFO] [stderr]     23:     0x55754912c12a - main
[INFO] [stderr]     24:     0x7fb1b037c0b3 - __libc_start_main
[INFO] [stderr]     25:     0x5575491221ce - _start
[INFO] [stderr]     26:                0x0 - <unknown>
[INFO] [stderr] warning: build failed, waiting for other jobs to finish...
[INFO] [stderr] error: build failed
[INFO] running `Command { std: "docker" "inspect" "e491419bef4c7aef90cda13f439d02a1c77a1983dbcb688c3e49dcf555d319f6", kill_on_drop: false }`
[INFO] running `Command { std: "docker" "rm" "-f" "e491419bef4c7aef90cda13f439d02a1c77a1983dbcb688c3e49dcf555d319f6", kill_on_drop: false }`
[INFO] [stdout] e491419bef4c7aef90cda13f439d02a1c77a1983dbcb688c3e49dcf555d319f6
